{"id":370,"date":"2024-04-26T07:59:30","date_gmt":"2024-04-26T07:59:30","guid":{"rendered":"http:\/\/inundaria.web.ua.pt\/?page_id=370"},"modified":"2025-02-18T18:38:03","modified_gmt":"2025-02-18T18:38:03","slug":"resultados","status":"publish","type":"page","link":"https:\/\/inundaria.web.ua.pt\/?page_id=370","title":{"rendered":"Resultados"},"content":{"rendered":"\n<p><\/p>\n\n\n\n<p class=\"has-medium-font-size\"><strong>Relat\u00f3rio Inicial<\/strong><\/p>\n\n\n\n<p>O Relat\u00f3rio Inicial consistiu na revis\u00e3o da literatura, diagn\u00f3stico da situa\u00e7\u00e3o do objeto de estudo e mapeamento das pol\u00edticas p\u00fablicas e das necessidades dos utilizadores finais.<\/p>\n\n\n\n<div data-wp-interactive=\"core\/file\" class=\"wp-block-file\"><object data-wp-bind--hidden=\"!state.hasPdfPreview\"  class=\"wp-block-file__embed\" data=\"http:\/\/inundaria.web.ua.pt\/wp-content\/uploads\/2025\/01\/Relatorio1.pdf\" type=\"application\/pdf\" style=\"width:100%;height:600px\" aria-label=\"PDF embed\"><\/object><\/div>\n\n\n\n<p><\/p>\n\n\n\n<p><\/p>\n\n\n\n<p class=\"has-medium-font-size\"><strong>Relat\u00f3rio Interm\u00e9dio\u00a0<\/strong><\/p>\n\n\n\n<p>O Relat\u00f3rio Interm\u00e9dio consistiu no estudo das previs\u00f5es de inunda\u00e7\u00e3o e a cartografia de risco (&#8220;Percurso&#8221;), incluindo detalhes t\u00e9cnicos relativos aos cen\u00e1rios e atividades de divulga\u00e7\u00e3o realizadas no \u00e2mbito deste estudo.<\/p>\n\n\n\n<div data-wp-interactive=\"core\/file\" class=\"wp-block-file\"><object data-wp-bind--hidden=\"!state.hasPdfPreview\"  class=\"wp-block-file__embed\" data=\"http:\/\/inundaria.web.ua.pt\/wp-content\/uploads\/2025\/01\/Relatorio_2_InundaRia.pdf\" type=\"application\/pdf\" style=\"width:100%;height:600px\" aria-label=\"PDF embed\"><\/object><\/div>\n\n\n\n<p><\/p>\n\n\n\n<p><\/p>\n\n\n\n<p class=\"has-medium-font-size\"><strong>Relat\u00f3rio Final <\/strong><\/p>\n\n\n\n<p>O Relat\u00f3rio Final resumiu-se na sintetiza\u00e7\u00e3o da informa\u00e7\u00e3o e do estudo feito durante todo o projeto, de forma a transmitir o conhecimento de forma \u00fatil e utiliz\u00e1vel aos destinat\u00e1rios.<\/p>\n\n\n\n<p><\/p>\n\n\n\n<div data-wp-interactive=\"core\/file\" class=\"wp-block-file\"><object data-wp-bind--hidden=\"!state.hasPdfPreview\"  class=\"wp-block-file__embed\" data=\"http:\/\/inundaria.web.ua.pt\/wp-content\/uploads\/2025\/02\/Relatorio3_Final.pdf\" type=\"application\/pdf\" style=\"width:100%;height:600px\" aria-label=\"PDF embed\"><\/object><\/div>\n\n\n\n<p><\/p>\n\n\n\n<p><strong>Anexos do Relat\u00f3rio Final<\/strong><\/p>\n\n\n\n<div data-wp-interactive=\"core\/file\" class=\"wp-block-file\"><object data-wp-bind--hidden=\"!state.hasPdfPreview\"  class=\"wp-block-file__embed\" data=\"http:\/\/inundaria.web.ua.pt\/wp-content\/uploads\/2025\/02\/Anexos_Final.pdf\" type=\"application\/pdf\" style=\"width:100%;height:600px\" aria-label=\"PDF embed\"><\/object><\/div>\n\n\n\n<p><\/p>\n\n\n\n<p><\/p>\n\n\n\n<p class=\"has-medium-font-size\"><strong>Policy-brief<\/strong><\/p>\n\n\n\n<p>O policy-brief cont\u00e9m as principais conclus\u00f5es e recomenda\u00e7\u00f5es pol\u00edticas decorrentes do estudo efetuado. <\/p>\n\n\n\n<div data-wp-interactive=\"core\/file\" class=\"wp-block-file\"><object data-wp-bind--hidden=\"!state.hasPdfPreview\"  class=\"wp-block-file__embed\" data=\"http:\/\/inundaria.web.ua.pt\/wp-content\/uploads\/2025\/01\/Policy-brief_PT.pdf\" type=\"application\/pdf\" style=\"width:100%;height:600px\" aria-label=\"Embed of Vers\u00e3o em Portugu\u00eas.\"><\/object><a>Vers\u00e3o em Portugu\u00eas<\/a><\/div>\n\n\n\n<p><\/p>\n\n\n\n<p><\/p>\n\n\n\n<div data-wp-interactive=\"core\/file\" class=\"wp-block-file\"><object data-wp-bind--hidden=\"!state.hasPdfPreview\"  class=\"wp-block-file__embed\" data=\"http:\/\/inundaria.web.ua.pt\/wp-content\/uploads\/2025\/02\/Policy-brief_EN.pdf\" type=\"application\/pdf\" style=\"width:100%;height:600px\" aria-label=\"Embed of Vers\u00e3o em Ingl\u00eas.\"><\/object><a id=\"wp-block-file--media-5e692421-79e7-4185-87aa-1a73600a1b70\" href=\"http:\/\/inundaria.web.ua.pt\/wp-content\/uploads\/2025\/02\/Policy-brief_EN.pdf\">Vers\u00e3o em Ingl\u00eas<\/a><\/div>\n","protected":false},"excerpt":{"rendered":"<p>Relat\u00f3rio Inicial O Relat\u00f3rio Inicial consistiu na revis\u00e3o da literatura, diagn\u00f3stico da situa\u00e7\u00e3o do objeto de estudo e mapeamento das pol\u00edticas p\u00fablicas e das necessidades dos utilizadores finais. Relat\u00f3rio Interm\u00e9dio\u00a0 O Relat\u00f3rio Interm\u00e9dio consistiu no estudo das previs\u00f5es de inunda\u00e7\u00e3o e a cartografia de risco (&#8220;Percurso&#8221;), incluindo detalhes t\u00e9cnicos relativos aos cen\u00e1rios e atividades de &hellip; <\/p>\n<p class=\"link-more\"><a href=\"https:\/\/inundaria.web.ua.pt\/?page_id=370\" class=\"more-link\">Continue reading<span class=\"screen-reader-text\"> &#8220;Resultados&#8221;<\/span><\/a><\/p>\n","protected":false},"author":4,"featured_media":0,"parent":0,"menu_order":0,"comment_status":"closed","ping_status":"closed","template":"","meta":{"footnotes":""},"_links":{"self":[{"href":"https:\/\/inundaria.web.ua.pt\/index.php?rest_route=\/wp\/v2\/pages\/370"}],"collection":[{"href":"https:\/\/inundaria.web.ua.pt\/index.php?rest_route=\/wp\/v2\/pages"}],"about":[{"href":"https:\/\/inundaria.web.ua.pt\/index.php?rest_route=\/wp\/v2\/types\/page"}],"author":[{"embeddable":true,"href":"https:\/\/inundaria.web.ua.pt\/index.php?rest_route=\/wp\/v2\/users\/4"}],"replies":[{"embeddable":true,"href":"https:\/\/inundaria.web.ua.pt\/index.php?rest_route=%2Fwp%2Fv2%2Fcomments&post=370"}],"version-history":[{"count":8,"href":"https:\/\/inundaria.web.ua.pt\/index.php?rest_route=\/wp\/v2\/pages\/370\/revisions"}],"predecessor-version":[{"id":1131,"href":"https:\/\/inundaria.web.ua.pt\/index.php?rest_route=\/wp\/v2\/pages\/370\/revisions\/1131"}],"wp:attachment":[{"href":"https:\/\/inundaria.web.ua.pt\/index.php?rest_route=%2Fwp%2Fv2%2Fmedia&parent=370"}],"curies":[{"name":"wp","href":"https:\/\/api.w.org\/{rel}","templated":true}]}}